{"id":50,"date":"2022-03-09T22:27:46","date_gmt":"2022-03-09T22:27:46","guid":{"rendered":"https:\/\/dasdrittel.de\/?page_id=50"},"modified":"2022-03-09T22:31:04","modified_gmt":"2022-03-09T22:31:04","slug":"impressum-und-datenschutz","status":"publish","type":"page","link":"https:\/\/dasdrittel.de\/?page_id=50","title":{"rendered":"Impressum und Datenschutz"},"content":{"rendered":"\t\t<div data-elementor-type=\"wp-page\" data-elementor-id=\"50\" class=\"elementor elementor-50\" data-elementor-settings=\"[]\">\n\t\t\t\t\t\t\t<div class=\"elementor-section-wrap\">\n\t\t\t\t\t\t\t<section class=\"elementor-section elementor-top-section elementor-element elementor-element-f5a6a29 elementor-section-boxed elementor-section-height-default elementor-section-height-default\" data-id=\"f5a6a29\" data-element_type=\"section\">\n\t\t\t\t\t\t<div class=\"elementor-container elementor-column-gap-default\">\n\t\t\t\t\t<div class=\"elementor-column elementor-col-100 elementor-top-column elementor-element elementor-element-4996bd1\" data-id=\"4996bd1\" data-element_type=\"column\">\n\t\t\t<div class=\"elementor-widget-wrap elementor-element-populated\">\n\t\t\t\t\t\t\t\t<div class=\"elementor-element elementor-element-057fd6a elementor-widget elementor-widget-image\" data-id=\"057fd6a\" data-element_type=\"widget\" data-widget_type=\"image.default\">\n\t\t\t\t<div class=\"elementor-widget-container\">\n\t\t\t<style>\/*! elementor - v3.5.6 - 28-02-2022 *\/\n.elementor-widget-image{text-align:center}.elementor-widget-image a{display:inline-block}.elementor-widget-image a img[src$=\".svg\"]{width:48px}.elementor-widget-image img{vertical-align:middle;display:inline-block}<\/style>\t\t\t\t\t\t\t\t\t\t\t\t<img loading=\"lazy\" decoding=\"async\" width=\"150\" height=\"44\" src=\"https:\/\/dasdrittel.de\/wp-content\/uploads\/2022\/03\/DD150.png\" class=\"attachment-large size-large\" alt=\"\" \/>\t\t\t\t\t\t\t\t\t\t\t\t\t\t\t<\/div>\n\t\t\t\t<\/div>\n\t\t\t\t\t<\/div>\n\t\t<\/div>\n\t\t\t\t\t\t\t<\/div>\n\t\t<\/section>\n\t\t\t\t<section class=\"elementor-section elementor-top-section elementor-element elementor-element-525ab9d elementor-section-boxed elementor-section-height-default elementor-section-height-default\" data-id=\"525ab9d\" data-element_type=\"section\">\n\t\t\t\t\t\t<div class=\"elementor-container elementor-column-gap-default\">\n\t\t\t\t\t<div class=\"elementor-column elementor-col-100 elementor-top-column elementor-element elementor-element-c895839\" data-id=\"c895839\" data-element_type=\"column\">\n\t\t\t<div class=\"elementor-widget-wrap elementor-element-populated\">\n\t\t\t\t\t\t\t\t<div class=\"elementor-element elementor-element-609e1b6 elementor-widget elementor-widget-text-editor\" data-id=\"609e1b6\" data-element_type=\"widget\" data-widget_type=\"text-editor.default\">\n\t\t\t\t<div class=\"elementor-widget-container\">\n\t\t\t<style>\/*! elementor - v3.5.6 - 28-02-2022 *\/\n.elementor-widget-text-editor.elementor-drop-cap-view-stacked .elementor-drop-cap{background-color:#818a91;color:#fff}.elementor-widget-text-editor.elementor-drop-cap-view-framed .elementor-drop-cap{color:#818a91;border:3px solid;background-color:transparent}.elementor-widget-text-editor:not(.elementor-drop-cap-view-default) .elementor-drop-cap{margin-top:8px}.elementor-widget-text-editor:not(.elementor-drop-cap-view-default) .elementor-drop-cap-letter{width:1em;height:1em}.elementor-widget-text-editor .elementor-drop-cap{float:left;text-align:center;line-height:1;font-size:50px}.elementor-widget-text-editor .elementor-drop-cap-letter{display:inline-block}<\/style>\t\t\t\t<section class=\"elementor-section elementor-top-section elementor-element elementor-element-7dee328 elementor-section-content-bottom elementor-section-boxed elementor-section-height-default elementor-section-height-default\" data-id=\"7dee328\" data-element_type=\"section\"><div class=\"elementor-container elementor-column-gap-default\"><div class=\"elementor-column elementor-col-100 elementor-top-column elementor-element elementor-element-efe3369\" data-id=\"efe3369\" data-element_type=\"column\"><div class=\"elementor-widget-wrap elementor-element-populated\"><div class=\"elementor-element elementor-element-ade4784 elementor-widget elementor-widget-heading\" data-id=\"ade4784\" data-element_type=\"widget\" data-widget_type=\"heading.default\"><div class=\"elementor-widget-container\"><h1 class=\"elementor-heading-title elementor-size-default\">IMPRESSUM &amp; DATENSCHUTZ<\/h1><\/div><\/div><\/div><\/div><\/div><\/section><section class=\"elementor-section elementor-top-section elementor-element elementor-element-a890518 elementor-section-boxed elementor-section-height-default elementor-section-height-default\" data-id=\"a890518\" data-element_type=\"section\"><div class=\"elementor-container elementor-column-gap-default\"><div class=\"elementor-column elementor-col-100 elementor-top-column elementor-element elementor-element-367fd72\" data-id=\"367fd72\" data-element_type=\"column\"><div class=\"elementor-widget-wrap elementor-element-populated\"><div class=\"elementor-element elementor-element-25a8fbe elementor-widget elementor-widget-heading\" data-id=\"25a8fbe\" data-element_type=\"widget\" data-widget_type=\"heading.default\"><div class=\"elementor-widget-container\"><h4 class=\"elementor-heading-title elementor-size-default\">ANGABEN GEM\u00c4SS \u00a7 5 TMG:<\/h4><\/div><\/div><div class=\"elementor-element elementor-element-0de8fba elementor-widget elementor-widget-text-editor\" data-id=\"0de8fba\" data-element_type=\"widget\" data-widget_type=\"text-editor.default\"><div class=\"elementor-widget-container\"><p>Nils Keller-Schubert (Werbeagentur)<br \/>Georg-Storm-Str. 48<br \/>64331 Weiterstadt<\/p><p><b>Vertreten durch:<\/b><\/p><p>Nils Keller-Schubert<\/p><p><b>Kontakt:<\/b><\/p><p>Telefon: 069-907200770<br \/>E-Mail: hallo@hr.mit.hrzblut.de<\/p><p><b>Umsatzsteuer-ID:<\/b><\/p><p>Umsatzsteuer-Identifikationsnummer gem\u00e4\u00df \u00a727a Umsatzsteuergesetz:<br \/>DE313141267<\/p><p><b>Verantwortlich f\u00fcr den Inhalt nach \u00a7 55 Abs. 2 RStV:<\/b><\/p><p>Nils Keller-Schubert<br \/>Georg-Storm-Str. 48<br \/>64331 Weiterstadt<\/p><\/div><\/div><\/div><\/div><\/div><\/section><section class=\"elementor-section elementor-top-section elementor-element elementor-element-802d644 elementor-section-boxed elementor-section-height-default elementor-section-height-default\" data-id=\"802d644\" data-element_type=\"section\"><div class=\"elementor-container elementor-column-gap-default\"><div class=\"elementor-column elementor-col-100 elementor-top-column elementor-element elementor-element-0e0bef5\" data-id=\"0e0bef5\" data-element_type=\"column\"><div class=\"elementor-widget-wrap elementor-element-populated\"><div class=\"elementor-element elementor-element-fd40372 elementor-widget elementor-widget-heading\" data-id=\"fd40372\" data-element_type=\"widget\" data-widget_type=\"heading.default\"><div class=\"elementor-widget-container\"><h4 class=\"elementor-heading-title elementor-size-default\">URHEBERRECHT:<\/h4><\/div><\/div><div class=\"elementor-element elementor-element-97af457 elementor-widget elementor-widget-text-editor\" data-id=\"97af457\" data-element_type=\"widget\" data-widget_type=\"text-editor.default\"><div class=\"elementor-widget-container\"><p>Die durch die Seitenbetreiber erstellten Inhalte und Werke auf diesen Seiten unterliegen dem deutschen Urheberrecht. Die Vervielf\u00e4ltigung, Bearbeitung, Verbreitung und jede Art der Verwertung au\u00dferhalb der Grenzen des Urheberrechtes bed\u00fcrfen der schriftlichen Zustimmung von Nils Keller-Schubert. Downloads und Kopien dieser Seite sind nur f\u00fcr den privaten, nicht kommerziellen Gebrauch gestattet. Soweit die Inhalte auf dieser Seite nicht vom Betreiber erstellt wurden, werden die Urheberrechte Dritter beachtet. Insbesondere werden Inhalte Dritter als solche gekennzeichnet. Sollten Sie trotzdem auf eine Urheberrechtsverletzung aufmerksam werden, bitten wir um einen entsprechenden Hinweis. Bei Bekanntwerden von Rechtsverletzungen werden wir derartige Inhalte umgehend entfernen.<\/p><p>Alle verwendeten Bilder\/Grafiken\/Logos auf dieser Seite sind entweder eigenh\u00e4ndig erstellt oder lizenzgerecht eingekauft und dargestellt.<\/p><\/div><\/div><\/div><\/div><\/div><\/section><section class=\"elementor-section elementor-top-section elementor-element elementor-element-706dedc elementor-section-boxed elementor-section-height-default elementor-section-height-default\" data-id=\"706dedc\" data-element_type=\"section\"><div class=\"elementor-container elementor-column-gap-default\"><div class=\"elementor-column elementor-col-100 elementor-top-column elementor-element elementor-element-f9df1cd\" data-id=\"f9df1cd\" data-element_type=\"column\"><div class=\"elementor-widget-wrap elementor-element-populated\"><div class=\"elementor-element elementor-element-9b7e042 elementor-widget elementor-widget-heading\" data-id=\"9b7e042\" data-element_type=\"widget\" data-widget_type=\"heading.default\"><div class=\"elementor-widget-container\"><h4 class=\"elementor-heading-title elementor-size-default\">DATENSCHUTZ:<\/h4><\/div><\/div><div class=\"elementor-element elementor-element-f88dd69 elementor-widget elementor-widget-text-editor\" data-id=\"f88dd69\" data-element_type=\"widget\" data-widget_type=\"text-editor.default\"><div class=\"elementor-widget-container\"><p>Ihre Daten bei Nutzung dieser Webpr\u00e4senz<\/p><p>1) Um die Performance der Seite zu messen nutze ich Google Analytics. Auch wenn ich entschieden habe, dass Ihre IP-Adresse bei Nutzung anonymisiert wird, und ich somit keinerlei R\u00fcckschl\u00fcsse \u00fcber Sie ziehen kann: in bestimmten F\u00e4llen k\u00f6nnte es Google. Google w\u00fcrde Ihren Besuch auf meiner Seite dann in gewisse Kategorien speichern um Ihnen m\u00f6glicherweise passende Werbung dazu anzeigen.<\/p><p>2) Schicken Sie Ihren Namen, Ihre E-Mail-Adresse und Ihren Freitext an mich durch ein Kontaktformular, so nutze ich diese Informationen ausschlie\u00dflich f\u00fcr die Kontaktaufnahme zu Ihrer Anfrage und l\u00f6sche sie nach unserem Kontakt. Erst wenn ein weiterer Schritt zwischen uns zustande kommt werde ich Ihre Daten entsprechend in meinem CRM-System speichern, sollten diese nicht schon zuf\u00e4llig in meinem CRM-System enthalten sein.<\/p><p>3) Ich werde auf einigen Seiten Cookies hinterlegen, um Sie an mich zu erinnern, wenn Sie online unterwegs sind, wie zum Beispiel Google, YouTube und LinkedIn. Sie k\u00f6nnen Cookies von mir speziell, aber auch allgemein, teilweise oder komplett ablehnen oder l\u00f6schen. Bitte informieren Sie sich zu diesen Prozessen im Hilfeteil Ihres Browsers.<\/p><p>4) Auf einigen Seiten nutze ich Tracking Pixel, welche mir verraten werden, wie erfolgreich meine Kampagne auf Portalen wie LinkedIn oder Google sind. Ich pers\u00f6nlich kann keine R\u00fcckschl\u00fcsse auf Sie pers\u00f6nlich damit ziehen. Die Portale, in den meisten F\u00e4llen, k\u00f6nnten es. Sie w\u00fcrden Ihren (wieder)kehrenden Besuch m\u00f6glicherweise vermerken und Ihnen im extremsten Fall \u00e4hnliche Werbung ausspielen. Pr\u00fcfen Sie bitte die Tracking-Einstellung Ihrer Portale, wenn Sie diese Funktionen nicht w\u00fcnschen.<\/p><p>Bei jeglichen Fragen oder Sorgen schicken Sie gerne eine E-Mail an datenschutz@hr.mit.hrzblut.de.<\/p><\/div><\/div><\/div><\/div><\/div><\/section>\t\t\t\t\t\t<\/div>\n\t\t\t\t<\/div>\n\t\t\t\t\t<\/div>\n\t\t<\/div>\n\t\t\t\t\t\t\t<\/div>\n\t\t<\/section>\n\t\t\t\t\t\t<\/div>\n\t\t\t\t\t<\/div>\n\t\t","protected":false},"excerpt":{"rendered":"<p>IMPRESSUM &amp; DATENSCHUTZ ANGABEN GEM\u00c4SS \u00a7 5 TMG: Nils Keller-Schubert (Werbeagentur)Georg-Storm-Str. 4864331 Weiterstadt Vertreten durch: Nils Keller-Schubert Kontakt: Telefon: 069-907200770E-Mail: hallo@hr.mit.hrzblut.de Umsatzsteuer-ID: Umsatzsteuer-Identifikationsnummer gem\u00e4\u00df \u00a727a Umsatzsteuergesetz:DE313141267 Verantwortlich f\u00fcr den Inhalt nach \u00a7 55 Abs. 2 RStV: Nils Keller-SchubertGeorg-Storm-Str. 4864331 Weiterstadt URHEBERRECHT: Die durch die Seitenbetreiber erstellten Inhalte und Werke auf diesen Seiten unterliegen dem deutschen [&hellip;]<\/p>\n","protected":false},"author":1,"featured_media":0,"parent":0,"menu_order":0,"comment_status":"closed","ping_status":"closed","template":"","meta":{"footnotes":""},"class_list":["post-50","page","type-page","status-publish","hentry"],"_links":{"self":[{"href":"https:\/\/dasdrittel.de\/index.php?rest_route=\/wp\/v2\/pages\/50","targetHints":{"allow":["GET"]}}],"collection":[{"href":"https:\/\/dasdrittel.de\/index.php?rest_route=\/wp\/v2\/pages"}],"about":[{"href":"https:\/\/dasdrittel.de\/index.php?rest_route=\/wp\/v2\/types\/page"}],"author":[{"embeddable":true,"href":"https:\/\/dasdrittel.de\/index.php?rest_route=\/wp\/v2\/users\/1"}],"replies":[{"embeddable":true,"href":"https:\/\/dasdrittel.de\/index.php?rest_route=%2Fwp%2Fv2%2Fcomments&post=50"}],"version-history":[{"count":7,"href":"https:\/\/dasdrittel.de\/index.php?rest_route=\/wp\/v2\/pages\/50\/revisions"}],"predecessor-version":[{"id":57,"href":"https:\/\/dasdrittel.de\/index.php?rest_route=\/wp\/v2\/pages\/50\/revisions\/57"}],"wp:attachment":[{"href":"https:\/\/dasdrittel.de\/index.php?rest_route=%2Fwp%2Fv2%2Fmedia&parent=50"}],"curies":[{"name":"wp","href":"https:\/\/api.w.org\/{rel}","templated":true}]}}